6
Suppose 10*v = 17*v - 539. Calculate the remainder when v is divided by 66/9 - 2/(-3).
5
Suppose 4*t - 647 = -5*y + 1037, -3*t + 3 = 0. Calculate the remainder when y is divided by 26.
24
Let x be (-1 - (2 - 0)) + (49 - -2). Suppose -18*m + 10*m = -x. Calculate the remainder when 9 is divided by m.
3
Let v be 26/(3*4/(-12)). Let w be 924/(-91) + (-4)/v. Let p = 15 - w. What is the remainder when p is divided by 7?
4
Let j = 44 - 32. Let k(a) be the first derivative of a**4/4 - 7*a**3/3 - 2*a**2 - 9*a + 3. What is the remainder when k(8) is divided by j?
11
Suppose -2*b - 5 = -5*f, 3*b + 2*b + 22 = 3*f. Let j = b + -2. Let p = j + 15. Calculate the remainder when 13 is divided by p.
5
Suppose -z + 4*z - i = 38, -3*z = -3*i - 42. Let h = 21 - z. Let s(q) = -q**3 - 17*q**2 + 45*q + 166. What is the remainder when s(-19) is divided by h?
6
Suppose -23*j + 20 = -21*j. What is the remainder when 85 is divided by j?
5
Calculate the remainder when 181 is divided by 2596/44 - (1/1 - 0).
7
Suppose -3*f = 5*u - 1136, 76 = 2*f + 72. What is the remainder when u is divided by 76?
74
Let y(g) = 121*g**2 + 13*g + 25. Calculate the remainder when y(-2) is divided by 35.
28
Let r(n) = n**3 - 6*n**2 + 11*n - 2. Let d be r(3). Suppose -d*j - 15 = -131. Let x = -2 + 19. What is the remainder when j is divided by x?
12
Let o = 43 - -30. Suppose 3*z = 11 + o. Calculate the remainder when 55 is divided by z.
27
Let k be 5/30*-2 - (-80)/6. Let n = -7 + k. Calculate the remainder when n is divided by 3.
0
Let x be 0/(-3)*(-5)/15. Let l be 81 - (x + 4/(-4)). Suppose 0 = 3*r - 2*j - l, r + 3*j - 5*j = 34. What is the remainder when r is divided by 13?
11
Let w = 2 + 38. Let o = -15 - -36. Calculate the remainder when w is divided by o.
19
Suppose 5*o - 28 = -2*o. Suppose -o*n - 4 = -4*k - 56, 3*n - 5*k = 35. What is the remainder when 59 is divided by n?
14
Let t(q) be the second derivative of q**3/6 - 8*q**2 + 8*q. Calculate the remainder when 19 is divided by t(21).
4
Suppose 12*d - 237 = 9*d. Suppose -3*v + d = 4*x, 0*v = 5*x - 5*v - 125. Calculate the remainder when 42 is divided by x.
20
What is the remainder when 76 is divided by (17 - (-5 - -7))/(3/4)?
16
Suppose -24 - 171 = -13*f. Calculate the remainder when 85 is divided by f.
10
Suppose -3*f + 2*x + 5870 = 1781, -3*x = 5*f - 6796. What is the remainder when f is divided by 62?
59
Suppose 10*b + 142 = 712. Let y = 61 - b. Calculate the remainder when 37 is divided by y.
1
Let b(k) = -2*k**2 - 10*k + 4. Let s be b(-5). Suppose 2*d + 3*q + 94 = 7*d, -d = -s*q - 12. What is the remainder when 38 is divided by d?
18
Let i = 4 - -14. Suppose d - 156 = -3*d - 4*s, -d = -5*s - 9. Calculate the remainder when d is divided by i.
16
Let x(j) = -j**3 + 12*j**2 + 89*j + 2. Calculate the remainder when x(14) is divided by 66.
64
Calculate the remainder when 19 is divided by 4 + 0/(-1) - -1.
4
Suppose 23 = f - 7. Let v be (-7)/((-28)/372) + -3. Suppose 8*w = v + f. Calculate the remainder when 27 is divided by w.
12
What is the remainder when (-2)/10 - 131*(-4)/20 is divided by 12?
2
Let y be -1 + 178*1/2. Let t be 3/2*y/(-6). Let x = t - -41. What is the remainder when x is divided by 10?
9
Calculate the remainder when 3*110/6 + -2 is divided by 15/(-30) - 30/(-4).
4
Let v(j) = -j**3 + 5*j**2 + 2*j - 2. Suppose 3*w - 135 = -2*w. Suppose -16 - w = -z. Calculate the remainder when z is divided by v(4).
21
Suppose f - 34 = -3*l + 42, 2 = 2*f. What is the remainder when 68 is divided by l?
18
Suppose -4*r + 54*b + 220 = 53*b, 3*r - 2*b = 175. Let j = 5 + 22. Calculate the remainder when r is divided by j.
26
Let q(v) = 4*v - 25. Calculate the remainder when 18 is divided by q(7).
0
Suppose 12*o = 1200 + 8208. Suppose -2*i - o = -18*i. Calculate the remainder when i is divided by 25.
24
Suppose 18*c + 19*c - 330 - 373 = 0. What is the remainder when 3/9 + 208/6 is divided by c?
16
Let x = -62 - -91. What is the remainder when 103 is divided by x?
16
Let q be -3 + (29 - 3) - 3. Suppose q = 4*x - 0*x. Suppose 5*b = 3*f - 16, x*f - 2*b - 34 = -b. What is the remainder when 27 is divided by f?
6
Let l = 16 + -14. Suppose l*z + 5*y + 2 + 1 = 0, -z = 2*y. What is the remainder when 423/z*(-4)/(-3) is divided by 24?
22
Let l = 400 - 39. What is the remainder when l is divided by 26?
23
Suppose -5*c + 440 = -3*o, -200 - 2 = -2*c - 4*o. Calculate the remainder when c is divided by 30.
1
Let v = -16 - -35. Suppose 4*q - 29 = v. Calculate the remainder when 71 is divided by q.
11
Let q = 288 - 254. Let m = -2 + 12. What is the remainder when q is divided by m?
4
Let b(r) = -3*r - 10. Let t be b(-4). Suppose 3*p = 5*l + 23 + 51, t*p = 4*l + 50. Suppose -84 = 3*y - 288. What is the remainder when y is divided by p?
22
Let g(k) = -6*k + 337. What is the remainder when g(8) is divided by 58?
57
Let i(u) = 47*u - 1516. Suppose 4*x - 2 = 46. Calculate the remainder when i(34) is divided by x.
10
Let c = -59 - -61. Suppose c*d = j - 21, 4*j + 49 - 166 = -3*d. Calculate the remainder when j is divided by 7.
6
Suppose t + 10 = 6, -t = -o - 5. Let u(v) = v**3 + 8*v**2 - 10*v - 13. Let s be u(o). Calculate the remainder when 19 is divided by -2 - (12/s + -4).
4
Suppose f = 2*f. Suppose f = -w + 4*w - 36. Let y = 6 + w. Calculate the remainder when y is divided by 10.
8
Calculate the remainder when 182 is divided by (-1)/7 - (-12282)/322 - 5.
17
Suppose 15*n = 11*n + 5*x + 113, 29 = 2*n + 3*x. Suppose 3*p = 5*p - 8. Calculate the remainder when (p*43)/2 + 1 is divided by n.
21
Let y(a) = a**3 + 8*a**2 + 13*a + 14. Calculate the remainder when 307 is divided by y(-5).
19
Let d = 760 - 732. Calculate the remainder when 473 is divided by d.
25
Suppose -1039*m = -1030*m - 2277. Calculate the remainder when m is divided by 30.
13
Let r = -212 - -222. Let s = 9 + 29. Calculate the remainder when s is divided by r.
8
Suppose 169*v = 201*v - 1088. Calculate the remainder when 165 is divided by v.
29
Let y be 2 - 11/(22/(-312)). Suppose -9*i = 5 - y. Calculate the remainder when i is divided by 4.
1
Let u be 39 - (-1 + -2 + 1). Let w = u - 8. Suppose 0*d - d = -w. What is the remainder when d is divided by 18?
15
Let b(i) = -19*i + 388. What is the remainder when b(12) is divided by 52?
4
Let k be 6*(4/12 - 1). Calculate the remainder when (3 + 14/k)*-1*26 is divided by 2.
1
Suppose 1330 - 1294 = 3*y. What is the remainder when 21 is divided by y?
9
Suppose 4*h = h - 3*n + 447, 0 = -2*h - 4*n + 290. What is the remainder when h is divided by 12?
9
Let j = -434 - -452. Calculate the remainder when 320 is divided by j.
14
Suppose -1995 = -22*o + o. Calculate the remainder when o is divided by 50.
45
Let c be (42/(-8))/(6/32). Suppose -y = 4*y - 95. What is the remainder when y is divided by (0 + 4/(-16))*(c + 0)?
5
Suppose 6*u - 3*u = 21. Let f = 22 + -22. Calculate the remainder when 17 - ((8/(-2))/4 - f) is divided by u.
4
Suppose -2*m = -26 - 80. Let j(q) be the third derivative of -q**4/12 + 2*q**3/3 + 3*q**2. What is the remainder when m is divided by j(-7)?
17
Suppose -5*q - 5*f = 15, 5*f = 5*q - 6 - 9. Suppose 4 = h - q, 4*h - 31 = -5*i. What is the remainder when i is divided by 3?
0
Let d be 1/(-1) + (82 - 4 - -1). Let m = d + -44. Calculate the remainder when m is divided by 9.
7
Let v(z) = 158*z - 8. Let w be v(1). Let r = 158 - w. Calculate the remainder when 47 is divided by r.
7
Suppose 6*v - 3*v = 39. Let k(n) = -n**3 + 6*n**2 + 5*n - 4. Let g = -49 - -46. What is the remainder when k(g) is divided by v?
10
Let k = -61 - -47. Calculate the remainder when 250 is divided by k/(-5) - 3 - 633/(-15).
40
Let f = 105 + -98. Suppose -f*q + 15 = -2*q, q + 21 = 4*j. What is the remainder when 9 is divided by j?
3
Suppose 32*i - 60 = 27*i. Let o(v) = v**3 - 8*v**2 - v - 1. Let h be o(8). Calculate the remainder when (-11)/(1 - h/(-6)) is divided by i.
10
Let a be ((-15)/(-10))/((-2)/(-4)). What is the remainder when ((-2 - -1)/(3/177))/(-1) is divided by (12/(-5))/(a/(-15))?
11
Let l = 268 + -216. Calculate the remainder when 101 is divided by l.
49
Let u(h) = h**3 - 6*h**2 - 3*h + 10. Suppose -3*q + 65 = 5*d, -6*q = -q. Calculate the remainder when u(7) is divided by d.
12
Let c be (2/(-3))/((-8)/156). Suppose -5*s + 2*s - 4*a = 19, -2*a = -3*s - c.